f p/14 + (-33)/(-7)?
5
Suppose 2*y = 5*w + 4*y - 40, -5*w + 55 = 5*y. Suppose -w - 21 = -3*z. What is the units digit of z?
9
Let y = 43 - 51. Let p(f) be the first derivative of f**3/3 + 4*f**2 + 11*f - 1. What is the units digit of p(y)?
1
Let u = 5 - 3. Suppose 2*x = 2*m - 28, -u*m + 7 + 18 = -x. What is the units digit of m?
1
Let q(z) = -z**3 + z**2 + 2*z + 188. What is the tens digit of q(0)?
8
Let m(n) = n**3 - 4*n - 1. Let b be m(4). Suppose f + b = 2*f. What is the units digit of f?
7
Let b(l) = -8*l. Let h be b(-5). Suppose 0 = 4*k - 4*p - h, -4*p - 48 = -4*k - 2*p. What is the units digit of k?
4
Let s be 1/(-1)*(-4 - -2). Let f(t) = -t**2 - 1. Let i be f(s). Let p = -3 - i. What is the units digit of p?
2
Suppose v - 6*v = -195. What is the units digit of v?
9
Let r = 41 + -15. What is the units digit of 2/3 + r/6?
5
Let l(n) = -2*n - 6. Suppose 5*x = -6 - 9. Let i be -2*x/((-6)/7). What is the units digit of l(i)?
8
Suppose 4*b + 63 = m + 572, 2*b - 259 = -m. What is the hundreds digit of b?
1
Let x(a) = a + 8. Let w = -2 - -5. Suppose 0 = 3*f - 3*h + 18, 5*f + 13 + 17 = w*h. What is the units digit of x(f)?
2
Let t(w) = -w**3 - 3*w**2 + w - 1. Let y be t(-3). Let j be (-2)/8 + (-165)/y. Suppose j - 17 = 4*q. What is the units digit of q?
6
Let t = 0 - -27. What is the units digit of t?
7
Let b = -6 - -7. Let p(q) = 3 + b + q + 9. What is the units digit of p(-8)?
5
Suppose r - 60 = -4*r. What is the units digit of r/8*8/3?
4
Let l = 2 + -3. Let i be l + (-10)/(-2)*1. Suppose 0 = i*z - z - 15. What is the units digit of z?
5
Suppose 1 - 21 = -5*v. Suppose -6*a + 2*a - 4*b = -40, -4*a = -3*b - 33. Let o = a + v. What is the units digit of o?
3
Suppose -3*g = -4*v - 1 + 181, -g = 4*v - 196. What is the tens digit of v?
4
Let i = -34 - -87. What is the tens digit of i?
5
Let l(q) = -q**3 - 9*q**2 - 2*q - 9. Let h be l(-9). Suppose h*c - 5*c = 68. What is the tens digit of c?
1
Let z = -11 + 21. What is the units digit of z?
0
Suppose -g = -3*g + 2*q + 4, -3*g - 3*q = -12. Let n = 10 - g. What is the units digit of n?
7
Let q = -579 + 344. What is the units digit of (-6)/(-10) + q/(-25)?
0
Let f = 31 - 13. Let k = 31 - f. What is the units digit of k?
3
Suppose -n - 35 = -2*n. What is the tens digit of n?
3
Suppose -2*d + 39 = d. Let c = d - 8. Suppose 0 = c*o + 4 - 54. What is the units digit of o?
0
Let r be -1 + -4*2/4 + 5. Let d = 3 - -1. Suppose -r*v = -d*v + 42. What is the units digit of v?
1
Let z = 130 - 53. What is the units digit of z?
7
Let w be 4*(-2 - 26/(-8)). Suppose 0 = -h - w + 7. What is the units digit of h?
2
Suppose u - 14 = 33. Suppose 0 = -l + 5*l - t - 48, -2*t + u = 5*l. What is the units digit of l?
1
Suppose -5*j - 52 = -4*y, 0 = -5*y + j + 30 + 14. Let t(z) = -z**3 + 7*z**2 + 9*z - 1. What is the units digit of t(y)?
7
Let a = 99 - -119. What is the hundreds digit of a?
2
Suppose 1 = -2*j - 1. Let w be 3 + j + 0 + 3. Suppose 0*s + 80 = w*s. What is the units digit of s?
6
Let y(h) = -h + 1. Let c(d) = d**3 - 7*d**2 + 7*d - 6. Let k(i) = c(i) - y(i). Let z be k(6). What is the units digit of (z/2 + -3)*-6?
3
Suppose -3*q + 7 = -2*p, 0 = 5*p - 1 - 19. Suppose 6*k + q*v - 44 = 2*k, -5*v = 0. Let s = k - 2. What is the units digit of s?
9
Suppose -2*i + 52 = 2*i. What is the units digit of i?
3
Let r(g) = -g + 17. What is the units digit of r(16)?
1
Let w(a) be the third derivative of -a**5/60 - 11*a**4/24 + a**3/3 + a**2. Let k = -19 + 10. What is the units digit of w(k)?
0
Let u = 289 + -147. What is the tens digit of u?
4
Suppose -3*s = 4*r - 5*s - 174, -2*s - 6 = 0. Let k = r - 5. What is the tens digit of k?
3
Suppose 5*w = 9*w - 20. Let x = 25 - w. What is the tens digit of x?
2
Let b = 148 - 12. What is the hundreds digit of b?
1
Let i = -206 + 428. What is the tens digit of i?
2
Let f be -7*(1 - -1 - 3). Suppose f*p = p + 48. What is the units digit of p?
8
Let z(q) = q**2 + q + 4. Let k be z(-4). Suppose 0 = 2*h - 17 - 23. Suppose -k = -4*o + h. What is the units digit of o?
9
Let f = 453 + -241. What is the tens digit of f?
1
Let f(o) be the second derivative of 1/12*o**4 + 0 - 1/2*o**3 - 7/2*o**2 - 4*o. What is the tens digit of f(6)?
1
Suppose -5*d + 0*d = -195. Suppose -4*s + 36 = 5*a - s, 4*a - s - d = 0. What is the units digit of a?
9
Suppose 3*a + 9 = 0, 4*i - 4*a = -108 - 92. What is the units digit of (i + 2)*5/(-15)?
7
Let a(m) = 5*m**2 + 27*m + 21. What is the hundreds digit of a(-9)?
1
Suppose -2*r - j = 2*r - 53, r - 22 = -2*j. What is the tens digit of r?
1
What is the units digit of (16/56)/(3/(2 - -355))?
4
Let h(f) = -f**3 + 14*f**2 + 21*f - 8. Let t be h(15). Let g = t + -40. What is the units digit of g?
2
What is the tens digit of (-1)/(-2) + (-105)/(-6)?
1
Suppose 0 = -2*h - 5*j + 27, 5*h - 4 = -3*j + 16. What is the units digit of 98/7 + -2 + h?
3
Let o = 8 + -20. Suppose 2*w + 2*w - 69 = -i, 0 = -3*i + 3. Let l = o + w. What is the units digit of l?
5
Let d(w) = 2*w - 5. Let b be d(4). Let q(n) = n**2 - 2*n + 4. Let h be q(b). Suppose -h + 2 = -p. What is the units digit of p?
5
Suppose 11 = w - 38. What is the units digit of w?
9
Let u(w) = w + 2. Let y be u(-7). Let t = y - -25. What is the units digit of (-12)/(-5) - 8/t?
2
Suppose 3*k + 5*c - 149 = 0, -2*k = 2*k - 3*c - 189. What is the tens digit of k?
4
Suppose 6*j + 0 = 132. What is the tens digit of j?
2
Suppose 2*w - 28 = -4. Let k be (-4)/w + (-92)/3. Let q = -19 - k. What is the tens digit of q?
1
Suppose -13*w = -15*w + 212. What is the tens digit of w?
0
Suppose 244 = 3*c + 82. Let z = -16 + c. What is the tens digit of z?
3
Let c be (3/3 + 4)/1. Suppose -c*s + 34 = 3*y - 0*y, 4*y = -4*s + 32. What is the units digit of s?
5
Let h(p) = p**2 - p - 2. Let a be h(-2). Suppose 2*s = 6*s + a. What is the units digit of (s/(-3))/(1/21)?
7
Suppose 2 = -2*m + 4*p, -6*m + 4*p = -2*m - 8. Let o be (3 - -1)*(-78)/(-8). Suppose 4*r - o = 3*w + 39, -m*r + w + 92 = 0. What is the tens digit of r?
1
Suppose 5*r - 2*r - 9 = 0. Suppose 0 = r*t - 3 + 12. Let j(k) = -k**2 - 4*k - 2. What is the units digit of j(t)?
1
Let z be 7/(1/(-2) - -1). Suppose -2 + z = y. Suppose 0 = 4*r - y. What is the units digit of r?
3
Let j(n) = -3 - 1 - 4*n + 8. Let w be j(-4). Suppose v - 3*v = -w. What is the tens digit of v?
1
Let t(r) = 2*r - 4. Let k be t(4). Suppose 4*x + k = 5*x. What is the units digit of x?
4
Suppose -15 = -3*c, -2*w - 5 = -5*c + 8. Suppose -160 = -w*p + p. What is the units digit of p?
2
Suppose z = -3*q + 42, -3*q + 2*z + 51 = -0*q. What is the units digit of 10/q + 417/9?
7
Let w(r) = -4*r + 32. What is the units digit of w(-22)?
0
Let x(v) = -2*v - v**2 + 4*v**3 - 2*v**3 - 3*v**2 - v**2 - 4. What is the tens digit of x(4)?
3
Let p(y) = 3*y**2 + 9*y - 9. Let w be p(-11). Suppose 2*s - w = -3*s. What is the units digit of s?
1
Let p(u) = -4*u**3 - 3*u**2 + 14. Suppose 6 = f + 1. Let d(s) = -5*s**3 - 2*s**2 - s + 15. Let m(a) = f*d(a) - 6*p(a). What is the units digit of m(7)?
5
Let m = 6 - 3. Suppose -4*r + w = -m*w, -24 = -4*r - 2*w. What is the units digit of 49/3 + r/6?
7
Suppose -5*d + 12 = -33. What is the units digit of d?
9
Let s = 0 + 3. Let d be 6/2 + 0 + 0. Suppose -3*v + 3 - 2 = 2*x, 0 = d*x + s. What is the units digit of v?
1
What is the units digit of (-828)/(-30) - (-3)/(-5)?
7
Suppose 0 = -v - 3*v + 60. What is the units digit of ((-4)/6)/((-1)/v)?
0
Let t(c) = 7*c**2 - c + 1. Let g be t(1). Let y = g - 4. Suppose 0 = -s - y*s + 28. What is the units digit of s?
7
Let g = 17 - -11. Let f(z) = 2*z - 28. Let u be f(16). Suppose u*p - 2*q = -6*q + 32, g = 3*p + 5*q. What is the units digit of p?
6
Suppose -m - 29 = -b, -5*m - 2*b + 110 = -9*m. What is the units digit of (4 - 3)/((-2)/m)?
3
Suppose 0 = 2*p - 6 - 6. Suppose -2*r + 3*s + 37 = 0, -3*r + p*s = s - 55. What is the tens digit of r?
2
Let o be (-4)/2*(-1)/2. Let d = o - 1. Let l = d + 2. What is the units digit of l?
2
Let q = -918 - -1300. What is the tens digit of q?
8
Let l = -26 - -43. Let m = l + -11. What is the units digit of (24/(-9))/((-2)/m)?
8
Suppose 5*j - 5 = -3*z, -2*z + 2*j + 18 = -2*j. Suppose -c - 4*c = 4*g - z, -g = 2*c + 1. What is the units digit of g?
5
Let o(u) = -u**3 - 5*u**2 - 4*u + 5. Let j be o(-4). Let y(c) = -c**2 + 7*c 